lse
Is 58 a factor of 1450?
True
Is 39 a factor of 24019?
False
Does 42 divide 1680?
True
Is 6 a multiple of 3?
True
Is 3 a factor of 48?
True
Is 29 a factor of 5046?
True
Does 45 divide 862?
False
Is 293 a factor of 13185?
True
Does 175 divide 9375?
False
Is 12 a factor of 1104?
True
Does 3 divide 64?
False
Is 6781 a multiple of 14?
False
Is 63495 a multiple of 17?
True
Does 59 divide 7316?
True
Does 7 divide 13853?
True
Is 7 a factor of 132?
False
Is 12 a factor of 940?
False
Is 5 a factor of 1065?
True
Is 1098 a multiple of 14?
False
Is 2187 a multiple of 81?
True
Is 16 a factor of 352?
True
Does 31 divide 6883?
False
Does 3 divide 2702?
False
Is 91 a multiple of 91?
True
Does 14 divide 126?
True
Does 18 divide 959?
False
Is 20 a factor of 52482?
False
Is 28336 a multiple of 97?
False
Is 18 a factor of 6061?
False
Is 14310 a multiple of 30?
True
Is 26 a factor of 1101?
False
Is 18645 a multiple of 162?
False
Does 70 divide 11760?
True
Is 1060 a multiple of 16?
False
Is 644 a multiple of 23?
True
Is 45 a factor of 394?
False
Does 13 divide 468?
True
Does 2 divide 355?
False
Is 17 a factor of 75616?
True
Does 38 divide 20558?
True
Does 57 divide 4111?
False
Is 168 a multiple of 14?
True
Does 9 divide 14661?
True
Is 22 a factor of 165?
False
Does 98 divide 52136?
True
Is 5306 a multiple of 24?
False
Is 4 a factor of 831?
False
Is 11 a factor of 14267?
True
Is 4 a factor of 36?
True
Does 7 divide 791?
True
Is 47 a factor of 1081?
True
Is 25 a factor of 550?
True
Does 19 divide 835?
False
Is 2723 a multiple of 20?
False
Is 10 a factor of 7850?
True
Is 30 a factor of 704?
False
Does 2 divide 79?
False
Does 286 divide 14541?
False
Is 4678 a multiple of 137?
False
Is 101 a multiple of 19?
False
Is 539 a multiple of 7?
True
Is 2068 a multiple of 44?
True
Is 20 a factor of 809?
False
Is 3733 a multiple of 20?
False
Is 4 a factor of 7757?
False
Is 125 a factor of 55014?
False
Does 329 divide 8225?
True
Does 49 divide 3614?
False
Does 124 divide 79873?
False
Does 50 divide 894?
False
Is 28 a factor of 423?
False
Does 67 divide 8222?
False
Is 3290 a multiple of 6?
False
Does 13 divide 203?
False
Is 10166 a multiple of 13?
True
Is 2 a factor of 7?
False
Is 80 a multiple of 10?
True
Is 37955 a multiple of 24?
False
Is 2324 a multiple of 7?
True
Is 2 a factor of 349?
False
Is 2173 a multiple of 4?
False
Is 572 a multiple of 11?
True
Is 40 a factor of 1200?
True
Is 7 a factor of 217?
True
Is 1757 a multiple of 22?
False
Does 5 divide 42557?
False
Is 67 a factor of 32033?
False
Does 79 divide 382?
False
Does 94 divide 12690?
True
Does 12 divide 1057?
False
Is 17321 a multiple of 13?
False
Is 190 a multiple of 10?
True
Is 1128 a multiple of 22?
False
Does 8 divide 896?
True
Is 755 a multiple of 15?
False
Is 24 a factor of 1824?
True
Is 72 a factor of 32400?
True
Is 6613 a multiple of 11?
False
Does 158 divide 24174?
True
Is 45 a factor of 2319?
False
Is 250 a factor of 11230?
False
Is 13 a factor of 5616?
True
Is 832 a multiple of 8?
True
Is 18974 a multiple of 8?
False
Is 164 even?
True
Is 72 a factor of 6984?
True
Is 2055 a multiple of 8?
False
Does 10 divide 230?
True
Does 63 divide 5229?
True
Is 14412 a multiple of 23?
False
Is 4 a factor of 453?
False
Does 4 divide 28?
True
Is 8 a factor of 12456?
True
Does 17 divide 1411?
True
Is 36 a factor of 1188?
True
Does 87 divide 4128?
False
Is 20 a factor of 720?
True
Is 528 a multiple of 22?
True
Does 39 divide 1443?
True
Does 4 divide 2068?
True
Is 390 a multiple of 35?
False
Is 77 a factor of 22561?
True
Is 47049 a multiple of 15?
False
Is 5969 a multiple of 7?
False
Is 167 a factor of 7218?
False
Is 45 a factor of 40770?
True
Is 3105 a multiple of 3?
True
Is 357 a multiple of 21?
True
Is 963 a multiple of 11?
False
Is 9263 a multiple of 155?
False
Is 1943 a multiple of 67?
True
Is 1170 a multiple of 5?
True
Does 24 divide 668?
False
Is 12329 a multiple of 2?
False
Is 9610 a multiple of 21?
False
Does 258 divide 25542?
True
Is 26 a factor of 12142?
True
Is 25067 a multiple of 10?
False
Is 112 a factor of 64960?
True
Is 41 a factor of 29848?
True
Is 12 a factor of 56124?
True
Is 345 a multiple of 5?
True
Is 140 a multiple of 6?
False
Is 14 a factor of 1988?
True
Is 21 a factor of 2123?
False
Is 336 a multiple of 14?
True
Does 31 divide 20088?
True
Is 239 a multiple of 6?
False
Does 45 divide 17550?
True
Is 724 a multiple of 2?
True
Is 22 a factor of 835?
False
Is 4219 a multiple of 10?
False
Is 944 a multiple of 16?
True
Is 5752 a multiple of 47?
False
Is 18300 a multiple of 57?
False
Is 78512 a multiple of 15?
False
Is 25 a factor of 1275?
True
Does 244 divide 31964?
True
Is 37 a factor of 111?
True
Is 8022 a multiple of 19?
False
Is 8231 a multiple of 58?
False
Is 19 a factor of 931?
True
Is 94878 a multiple of 42?
True
Is 3851 a multiple of 14?
False
Is 83716 a multiple of 10?
False
Is 36 a multiple of 6?
True
Does 41 divide 33679?
False
Is 13 a factor of 1014?
True
Is 42790 a multiple of 8?
False
Does 69 divide 4830?
True
Is 19 a factor of 564?
False
Is 30 a factor of 970?
False
Is 1450 a multiple of 58?
True
Does 83 divide 3403?
True
Does 47 divide 792?
False
Does 43 divide 3168?
False
Is 35 a multiple of 2?
False
Is 26 a factor of 5616?
True
Does 12 divide 41184?
True
Is 5808 a multiple of 33?
True
Does 14 divide 137?
False
Does 7 divide 4415?
False
Is 4 a factor of 218?
False
Does 9 divide 17199?
True
Is 4 a factor of 198?
False
Is 85 a factor of 35824?
False
Is 7950 a multiple of 25?
True
Is 64 a multiple of 29?
False
Is 604 a multiple of 29?
False
Does 11 divide 334?
False
Is 11 a factor of 913?
True
Is 28464 a multiple of 4?
True
Is 15 a factor of 495?
True
Is 7 a factor of 14742?
True
Is 708 a multiple of 5?
False
Is 1549 a multiple of 11?
False
Is 1072 a multiple of 67?
True
Is 61 a factor of 3477?
True
Is 45 a factor of 2745?
True
Is 93 a factor of 1199?
False
Is 12 a factor of 4830?
False
Does 21 divide 485?
False
Is 7 a factor of 1631?
True
Is 15 a factor of 31532?
False
Is 11 a factor of 966?
False
Is 396 a multiple of 22?
True
Is 2016 a multiple of 18?
True
Is 11 a factor of 429?
True
Does 13 divide 2922?
False
Does 296 divide 38870?
False
Is 28 a factor of 924?
True
Is 10904 a multiple of 8?
True
Is 32 a factor of 7456?
True
Is 4843 a multiple of 34?
False
Is 42 a factor of 1198?
False
Does 78 divide 690?
False
Is 9 a factor of 26759?
False
Does 18 divide 601?
False
Does 22 divide 1694?
True
Is 444 a multiple of 15?
False
Does 29 divide 2349?
True
Is 22963 a multiple of 11?
False
Is 26 a factor of 132?
False
Does 3 divide 5155?
False
Is 19 a factor of 722?
True
Does 14 divide 39247?
False
Is 54 a factor of 1033?
False
Is 3 a factor of 395?
False
Is 26 a factor of 1014?
True
Is 8162 a multiple of 8?
False
Does 43 divide 559?
True
Is 31776 a multiple of 48?
True
Is 5052 a multiple of 15?
False
Is 5488 a multiple of 14?
True
Does 148 divide 5180?
True
Does 7 divide 558?
False
Is 5 a factor of 1110?
True
Does 9 divide 810?
True
Is 68702 a multiple of 334?
False
Is 9 a factor of 558?
True
Is 2575 a multiple of 25?
True
Is 164 a factor of 50583?
False
Is 139 a factor of 29329?
True
Is 83 a factor of 1499?
False
Is 33 a factor of 693?
True
Is 61 a factor of 4782?
False
Is 10 a factor of 449?
False
Does 58 divide 11426?
True
Is 1263 a multiple of 75?
False
Is 63 a factor of 436?
False
Does 54 divide 21945?
False
Does 17 divide 867?
True
Does 18 divide 1224?
True
Does 33 divide 863?
False
Is 960 a multiple of 24?
True
Is 497 a multiple of 2?
False
Is 17723 a multiple of 37?
True
Is 21164 a multiple of 26?
True
Does 22 divide 1188?
True
Is 10 a factor of 1680?
True
Is 4 a factor of 1380?
True
Does 4 divide 11468?
True
Is 201 a multiple of 26?
False
Is 6 a factor of 4857?
False
Is 388 a multiple of 2?
True
Is 1333 a multiple of 5?
False
Is 25653 a multiple of 17?
True
Is 22 a factor of 4238?
False
Is 4 a factor of 401?
False
Does 20 divide 23400?
True
Is 753 a multiple of 12?
False
Is 910 a multiple of 13?
True
Is 46 a factor of 12669?
False
Is 4 a factor of 20739?
False
Does 29 divide 406?
True
Is 360 a multiple of 18?
True
Is 224 a multiple of 6?
False
Is 319 a multiple of 29?
True
Is 23 a factor of 828?
True
Is 33 a factor of 28314?
True
Is 7 a factor of 448?
True
Does 33 divide 825?
True
Is 139